 of 914?
4
What is the tens digit of 72208?
0
What is the thousands digit of 10688?
0
What is the hundreds digit of 36531?
5
What is the hundreds digit of 2875?
8
What is the thousands digit of 1831?
1
What is the tens digit of 1292?
9
What is the units digit of 32799?
9
What is the hundreds digit of 1412?
4
What is the thousands digit of 7848?
7
What is the tens digit of 21046?
4
What is the hundreds digit of 339?
3
What is the tens digit of 49149?
4
What is the tens digit of 6613?
1
What is the thousands digit of 17193?
7
What is the tens digit of 231?
3
What is the units digit of 4178?
8
What is the tens digit of 10627?
2
What is the tens digit of 4885?
8
What is the tens digit of 5683?
8
What is the thousands digit of 3015?
3
What is the tens digit of 192?
9
What is the tens digit of 43172?
7
What is the hundreds digit of 1699?
6
What is the hundreds digit of 4336?
3
What is the hundreds digit of 1255?
2
What is the thousands digit of 12930?
2
What is the units digit of 64533?
3
What is the tens digit of 12671?
7
What is the tens digit of 545?
4
What is the units digit of 1189?
9
What is the hundreds digit of 557?
5
What is the thousands digit of 23254?
3
What is the ten thousands digit of 16882?
1
What is the tens digit of 1710?
1
What is the thousands digit of 5291?
5
What is the tens digit of 1583?
8
What is the tens digit of 1110?
1
What is the hundred thousands digit of 162952?
1
What is the tens digit of 10948?
4
What is the thousands digit of 25987?
5
What is the thousands digit of 27677?
7
What is the thousands digit of 10047?
0
What is the units digit of 153409?
9
What is the tens digit of 332?
3
What is the hundreds digit of 70219?
2
What is the tens digit of 2305?
0
What is the ten thousands digit of 27711?
2
What is the thousands digit of 8735?
8
What is the hundreds digit of 57033?
0
What is the units digit of 3327?
7
What is the tens digit of 9975?
7
What is the tens digit of 14263?
6
What is the hundreds digit of 790?
7
What is the hundreds digit of 951?
9
What is the tens digit of 3272?
7
What is the units digit of 29216?
6
What is the tens digit of 2797?
9
What is the units digit of 49672?
2
What is the thousands digit of 12499?
2
What is the hundreds digit of 3862?
8
What is the hundreds digit of 866?
8
What is the units digit of 1690?
0
What is the hundred thousands digit of 103439?
1
What is the ten thousands digit of 39827?
3
What is the hundreds digit of 815?
8
What is the tens digit of 57644?
4
What is the hundreds digit of 219?
2
What is the units digit of 55041?
1
What is the units digit of 2002?
2
What is the tens digit of 2925?
2
What is the hundreds digit of 25972?
9
What is the tens digit of 19?
1
What is the tens digit of 13075?
7
What is the hundreds digit of 23113?
1
What is the thousands digit of 1683?
1
What is the units digit of 81?
1
What is the hundreds digit of 28640?
6
What is the units digit of 6758?
8
What is the hundreds digit of 6271?
2
What is the tens digit of 57?
5
What is the units digit of 10215?
5
What is the tens digit of 1241?
4
What is the hundreds digit of 49069?
0
What is the units digit of 21822?
2
What is the tens digit of 284?
8
What is the hundreds digit of 2033?
0
What is the units digit of 1357?
7
What is the units digit of 191?
1
What is the hundreds digit of 4075?
0
What is the units digit of 578?
8
What is the units digit of 446?
6
What is the ten thousands digit of 20248?
2
What is the thousands digit of 7364?
7
What is the tens digit of 54?
5
What is the units digit of 30496?
6
What is the hundreds digit of 852?
8
What is the tens digit of 1147?
4
What is the tens digit of 54942?
4
What is the tens digit of 1921?
2
What is the tens digit of 11520?
2
What is the thousands digit of 11372?
1
What is the tens digit of 3718?
1
What is the units digit of 300?
0
What is the units digit of 3972?
2
What is the units digit of 1388?
8
What is the units digit of 456?
6
What is the units digit of 8300?
0
What is the ten thousands digit of 112106?
1
What is the hundreds digit of 14005?
0
What is the tens digit of 248?
4
What is the thousands digit of 88320?
8
What is the hundreds digit of 993?
9
What is the units digit of 247?
7
What is the tens digit of 48?
4
What is the units digit of 83342?
2
What is the ten thousands digit of 177643?
7
What is the hundreds digit of 1008?
0
What is the hundreds digit of 5178?
1
What is the units digit of 11670?
0
What is the tens digit of 2441?
4
What is the hundreds digit of 686?
6
What is the hundreds digit of 8018?
0
What is the tens digit of 1516?
1
What is the units digit of 20646?
6
What is the tens digit of 461?
6
What is the tens digit of 2444?
4
What is the hundreds digit of 14311?
3
What is the ten thousands digit of 10042?
1
What is the hundreds digit of 1115?
1
What is the tens digit of 6545?
4
What is the units digit of 30663?
3
What is the tens digit of 1804?
0
What is the hundreds digit of 3783?
7
What is the tens digit of 6223?
2
What is the tens digit of 2599?
9
What is the thousands digit of 11425?
1
What is the thousands digit of 3118?
3
What is the tens digit of 2570?
7
What is the units digit of 2407?
7
What is the tens digit of 16276?
7
What is the units digit of 2860?
0
What is the units digit of 1674?
4
What is the units digit of 9293?
3
What is the units digit of 762?
2
What is the tens digit of 35943?
4
What is the hundreds digit of 15135?
1
What is the hundreds digit of 2080?
0
What is the units digit of 50332?
2
What is the hundreds digit of 559?
5
What is the thousands digit of 1056?
1
What is the units digit of 41857?
7
What is the thousands digit of 12213?
2
What is the hundreds digit of 1458?
4
What is the ten thousands digit of 40443?
4
What is the ten thousands digit of 25793?
2
What is the hundred thousands digit of 100514?
1
What is the tens digit of 2479?
7
What is the units digit of 9557?
7
What is the tens digit of 4248?
4
What is the hundreds digit of 137539?
5
What is the hundreds digit of 52615?
6
What is the hundreds digit of 1220?
2
What is the hundreds digit of 9423?
4
What is the tens digit of 2225?
2
What is the units digit of 63035?
5
What is the tens digit of 161?
6
What is the tens digit of 323?
2
What is the hundreds digit of 28933?
9
What is the thousands digit of 26707?
6
What is the ten thousands digit of 11038?
1
What is the units digit of 6?
6
What is the hundreds digit of 4958?
9
What is the thousands digit of 12647?
2
What is the units digit of 20051?
1
What is the thousands digit of 1097?
1
What is the tens digit of 3298?
9
What is the thousands digit of 2999?
2
What is the units digit of 1337?
7
What is the ten thousands digit of 16829?
1
What is the units digit of 8547?
7
What is the thousands digit of 5833?
5
What is the units digit of 10417?
7
What is the hundreds digit of 46935?
9
What is the units digit of 10155?
5
What is the hundreds digit of 35403?
4
What is the hundreds digit of 7997?
9
What is the ten thousands digit of 152870?
5
What is the hundreds digit of 708?
7
What is the tens digit of 184?
8
What is the ten thousands digit of 38058?
3
What is the units digit of 1272?
2
What is the units digit of 761?
1
What is the thousands digit of 12465?
2
What is the hundreds digit of 1051?
0
What is the tens digit of 1504?
0
What is the units digit of 6027?
7
What is the hundreds digit of 21021?
0
What is the tens digit of 4829?
2
What is the thousands digit of 2830?
2
What is the tens digit of 136775?
7
What is the units digit of 12071?
1
What is the tens digit of 3149?
4
What is the ten thousands digit of 16175?
1
What is the tens digit of 4629?
2
What is the units digit of 3053?
3
What is the hundreds digit of 19707?
7
What is the units digit of 64710?
0
What is the tens digit of 2983?
8
What is the thousands digit of 11776?
1
What is the thousands digit of 54109?
4
What is the thousands digit of 66185?
6
What is the thousands digit of 5154?
5
What is the units digit of 12953?
3
What is the thousands digit of 3328?
3
What is the thousands digit of 7297?
7
What is the tens digit of 8017?
1
What is the hundreds digit of 14911?
9
What is the thousands digit of 8185?
8
What is the tens digit of 19103?
0
What is the thousands digit of 21449?
1
What is the tens digit of 412?
1
What is the